 t(f). List the prime factors of b(11).
2, 5
Suppose 3*c = -2*c + 870. Let a(o) = -o**3 - o**2 - o + 4. Let s be a(0). Suppose -s*w = -c + 10. What are the prime factors of w?
41
Let o be (0 - -4)/((-3)/(-3)). Suppose -2*x = -3*g - 149, -x = o*x - 2*g - 356. List the prime factors of x.
2, 5, 7
Suppose 2*z + 35 - 563 = 5*t, 4*z - 5*t - 1076 = 0. What are the prime factors of z?
2, 137
Let p = 13137 - 8858. What are the prime factors of p?
11, 389
Suppose -4*o + 9*o = 3*x - 14, o = -x + 2. Suppose 268 = x*d + 4*a - 190, 2*a = d - 166. What are the prime factors of d?
2, 79
Let i = -17 + 24. Let a = -3 + i. Suppose -v - 60 = -a*v. What are the prime factors of v?
2, 5
Suppose 0 = 2*u - 5 - 3. Let c = -2 + u. Let m(w) = 12*w**2 - 3*w + 2. List the prime factors of m(c).
2, 11
Let r(n) = -5*n + 3. Let k be r(-11). Suppose 4*x - k - 274 = 0. List the prime factors of x.
83
Let q be -18 + -3*3/9. Let t = q - -30. What are the prime factors of t?
11
Let j = -7 + 9. Suppose -3*l + 415 = j*l. What are the prime factors of l?
83
List the prime factors of 30/(-20) + (8281/2)/7.
2, 5, 59
Suppose 0*l = -l + 457. Suppose 7*q - l = 481. List the prime factors of q.
2, 67
Suppose 22*x - 57942 = 1964. List the prime factors of x.
7, 389
Suppose 9447 = -104*r + 107*r. What are the prime factors of r?
47, 67
Let s(k) = -k**2 - 11*k. Let m be s(-7). Suppose 0 = g - 0*g + m. What are the prime factors of -2 - 1/(2/g)?
2, 3
Let o(l) = -l**3 - 4*l**2 - 6*l - 5. Let p be o(-6). Let w = 189 - p. What are the prime factors of w/(-3 + -1 - -6)?
43
Let k(l) = -5*l + 8. Let v be -10*(2 + 0 + -1). What are the prime factors of k(v)?
2, 29
Let j be (54*5/10)/(3/(-8)). Let h = 144 + j. What are the prime factors of h?
2, 3
Let g(i) = 2*i**3 + 54*i**2 + 29*i + 10. List the prime factors of g(-26).
2, 19
Let g(a) be the first derivative of 9*a**2/2 - 7*a - 10. What are the prime factors of g(10)?
83
Suppose 0*h + 4*l = 3*h - 662, 10 = -2*l. Let i = h - 126. Suppose 2*x - 60 = 2*c + c, -2*x - 4*c = -i. List the prime factors of x.
2, 3
Let o = 174 - -353. List the prime factors of o.
17, 31
Let q(g) = 10*g + 7. Let p be q(8). Suppose 4*s - 65 = 2*s + 3*h, -h - p = -3*s. Suppose 3*i = i + s. What are the prime factors of i?
2, 7
What are the prime factors of 2 - (5 - 2) - (-1484 - -11)?
2, 23
Suppose 0 = -5*k + 15, 2*k + 0*k - 38 = -4*i. Let u(z) = -z + 8. Let l be u(-8). What are the prime factors of i*(68/l + -1)?
2, 13
Suppose -22 = -12*f + 13*f. Let k = -15 - f. What are the prime factors of k?
7
Suppose -3*n + 445 = 5*a, 235 + 121 = 4*a - 5*n. What are the prime factors of a?
89
Let m(p) = 31*p**2 - 1. Suppose 7 = -2*b + 15. Suppose -y + b = 5. What are the prime factors of m(y)?
2, 3, 5
Suppose -n - 5*h + 1969 = 0, 5*n - h = h + 9980. List the prime factors of n.
2, 997
Suppose 5*f = p + 3397, -2*f - 321 = -p - 1681. List the prime factors of f.
7, 97
Suppose 3757 = 4*g + 13*g. List the prime factors of g.
13, 17
Let r(b) = -2*b - 3. Let i be 26*(2 + -3)/2. Let u = i - -8. What are the prime factors of r(u)?
7
Let x(o) be the first derivative of o**3/3 - 3*o**2 - 15*o - 3. Let h be x(11). Let c = h - -14. What are the prime factors of c?
2, 3
Let b = 9 + -3. Let c be (-13)/(-3) + b/(-18). Suppose 0 = -4*u, -u = c*q - 7*q + 54. List the prime factors of q.
2, 3
Let o = -301 + 867. What are the prime factors of o?
2, 283
Let u(r) be the first derivative of r**4/4 + r**3 - 3*r**2/2 - 2*r - 1. Let i be u(-2). What are the prime factors of 388/i - 2/(-4)?
7
List the prime factors of 6/(-21) - 31428/(-42).
2, 11, 17
Let l be (1 + 0)/((-6)/18). Let x(d) = -8*d - 6. Let w be x(l). Let q = 52 - w. What are the prime factors of q?
2, 17
Let s = 92 - 102. Let j(w) = 2*w**2. List the prime factors of j(s).
2, 5
Let c(u) = 103*u + 78. What are the prime factors of c(22)?
2, 293
List the prime factors of 5*12/20 - -75.
2, 3, 13
Suppose -5*r + 54 = r. Suppose 5*s - r = 6. Suppose 0 = -i - 0*c + 2*c + 47, 3*c - s = 0. What are the prime factors of i?
7
Let m = 2 - -11. Let r(q) = -q + 8 + q**2 + 8*q - m*q. List the prime factors of r(9).
5, 7
Let u = -3 - -8. Suppose 2 = u*g - 8. Suppose 3*k + 100 = 2*b, -b + g*k = -3*b + 120. List the prime factors of b.
2, 7
Suppose -3*r + 5*c = -1282, r - 83*c - 426 = -80*c. List the prime factors of r.
3, 11, 13
Let r = -335 + 661. List the prime factors of r.
2, 163
Suppose -2*y = x - 1, 0*y = y - 2*x + 12. Let n be y/(-4) + 40/(-16). List the prime factors of 86/(4/2) - n.
3, 5
Let b be (21/2)/(3/6). Let q = -11 + b. Suppose -6*p - 104 = -q*p. List the prime factors of p.
2, 13
Let l be ((-22)/(-8))/((-1)/8). Let w = l - -53. What are the prime factors of w?
31
Suppose -7 = -4*h + 9. Suppose 0 = -h*d - a + 24, -6*a + 5*a = 2*d - 14. Suppose 61 = m - 5*j, 0 = d*m + j - 186 - 67. What are the prime factors of m?
3, 17
Let z be ((-217)/(-28))/((-2)/(-8)). Let y = 89 - z. List the prime factors of y.
2, 29
Suppose -w = 2*w + 4*l - 15414, -2*l + 10278 = 2*w. What are the prime factors of w?
2, 3, 857
Suppose -y - 7*y + 56 = 0. Suppose -6*b = -y*b - 5*i + 133, 399 = 3*b - i. List the prime factors of b.
7, 19
Suppose -4*x + x + 39 = 0. Let l(s) = s**2 + 9*s + 18. Let w be l(-8). Let m = x - w. List the prime factors of m.
3
Let a(t) = -29*t**3 - t. Let u be 0/(2 - 3 - -3). Suppose 0 = 3*n + 3 - u. What are the prime factors of a(n)?
2, 3, 5
Let q(v) = 9*v - 35*v + 16*v + 10. What are the prime factors of q(-12)?
2, 5, 13
Let d(i) = 76*i - 29. What are the prime factors of d(5)?
3, 13
Suppose 2*b = 7*b - 3*m - 1345, 2*m + 1078 = 4*b. List the prime factors of b.
2, 17
Suppose 5*q - 11 = 3*t, -q + 8 = q - 3*t. Suppose j - q = 3. Suppose -z + j*r + 42 = -0*z, -2*z + 2*r = -60. What are the prime factors of z?
2, 13
Let r(z) = -2*z + 10. Let g be r(-9). Let n be (-247)/(-7) + (-8)/g. List the prime factors of (n - (1 - 3)) + 1.
2, 19
Let l = 23 + -11. Let q be (-10)/15*(l + 0). Let n = 16 + q. List the prime factors of n.
2
Let i be ((-81)/18)/(9/(-12)). Let g = -84 - -232. Suppose 4*u + 101 = 3*p, g = i*p - 2*p - 2*u. What are the prime factors of p?
3, 13
Let n be (-3)/(-2)*60/9. Suppose 4*p - 2 + 4 = 2*y, 2*y = -4*p + n. Suppose 2*r + 0*r - 5*m = 39, y*r + 4*m - 116 = 0. List the prime factors of r.
2
Let u(j) = 76*j**2 + 9*j - 15. What are the prime factors of u(-4)?
5, 233
Let i be (-11)/(693/(-66101)) - (-4)/(-18). Suppose -i = -6*f + 505. What are the prime factors of f?
7, 37
Suppose 4*l + 3*z = -l - 17, -5*l - 5*z - 15 = 0. Let p be ((-188)/(-16))/((-1)/l). Let r = p + -20. List the prime factors of r.
3
Let u(g) = -2*g**2 - 12*g - 8. Let s be u(-5). Suppose -2*y + 186 = 2*r - 6*y, 0 = 5*r - s*y - 505. List the prime factors of r.
103
Suppose 5*x + 3*y = 7849, 5*y = -7 + 22. List the prime factors of x.
2, 7
Let v(c) = 10*c**3 - 2*c**2 + 2*c + 1. Let u be v(1). Suppose -u*q + 642 = -5*q. What are the prime factors of q?
107
List the prime factors of (-5686)/(-5)*5/2 + 0.
2843
Let b be -4 + (5 - 2) + -5. Let a(f) = 2*f**2 + 5*f - 1. What are the prime factors of a(b)?
41
Let b = -2745 - -4872. What are the prime factors of b?
3, 709
Let m = -2 - -7. Let s(v) = 3*v**2 - 5*v - 1. Let a be s(m). Let x = a + -35. What are the prime factors of x?
2, 7
Suppose 32295 = 8*f + 2159. List the prime factors of f.
3767
Suppose -2*p + 960 = 3*o - 1652, 3*p + 15 = 0. List the prime factors of o.
2, 19, 23
Suppose a - 3*b - 663 = -4*a, -a + 3*b + 123 = 0. What are the prime factors of ((-4)/(-6))/(10/a)?
3
Let j be (15/25)/((-1511)/(-755) + -2). Let u = j - 315. List the prime factors of u.
2, 3, 23
Suppose 2*d - 7 = 3*t, -2*d + 6 = d. List the prime factors of (2 - (-156)/(-2))*t.
2, 19
Let w be -1*(0 + 140)/(-1). Let v = -262 - -265. Suppose w = v*k + k. What are the prime factors of k?
5, 7
Let f be 2*(0 + -2) + 5. Let x = 91 - f. What are the prime factors of x?
2, 3, 5
Let p be (2*(-5838)/(-12))/1. Suppose 2*v = -5*v + p. What are the prime factors of v?
139
Suppose 7*v - 245 = 2*v. Suppose -5*a - 61 = -3*w, 2*a = 2*w - 3*a - v. List the prime factors of w.
2, 3
Suppose -2*b + 0*b - 292 = -3*a, 16 = 4*b. Suppose 3*q - 272 = -y, -5*y = 2*q - q - a. List the prime factors of q.
2, 3, 5
Suppose -3*a = 11 + 7. Let x = a - -4. List the prime factors of (6 - 4)*